e 12) in base 5?
-2233200
Convert 1223340 (base 5) to base 9.
35326
What is -1110010010 (base 2) in base 11?
-761
10b5 (base 12) to base 4
131021
-1621 (base 8) to base 11
-760
Convert -100001110000001 (base 2) to base 9.
-25631
Convert 886 (base 16) to base 14.
b1c
Convert -501 (base 9) to base 11.
-33a
114 (base 11) to base 6
344
What is 12977 (base 11) in base 13?
8543
Convert 30ba (base 13) to base 5.
203434
Convert 42404 (base 6) to base 7.
22543
2320302 (base 4) to base 12
6a16
Convert 1479 (base 10) to base 6.
10503
What is 1000000100101 (base 2) in base 12?
2485
What is -1a3e (base 15) in base 11?
-42a8
Convert -201201 (base 3) to base 9.
-651
17a75 (base 13) to base 6
551410
What is 18934 (base 11) in base 3?
1100020100
569 (base 12) to base 11
669
What is -1566 (base 7) in base 6?
-2540
What is 2010221 (base 3) in base 15?
6e4
What is 2433 (base 9) in base 5?
24222
58149 (base 11) to base 12
40763
Convert -100231 (base 6) to base 12.
-4677
Convert 1010100 (base 3) to base 2.
1100110011
-25766 (base 8) to base 15
-3504
101011110 (base 3) to base 10
7410
Convert -231453 (base 6) to base 2.
-100110101111001
Convert 6b7a (base 15) to base 2.
101100100111000
Convert -1514 (base 13) to base 12.
-192b
What is 65426 (base 7) in base 8?
37721
What is -1cb (base 15) in base 9?
-512
1cc2 (base 14) to base 6
40214
Convert 757 (base 12) to base 5.
13300
31 (base 8) to base 16
19
Convert 114c4 (base 15) to base 10.
55084
-2163 (base 8) to base 14
-5b5
What is -7183 (base 11) in base 14?
-3689
-23245 (base 6) to base 12
-1b25
What is e28 (base 16) in base 8?
7050
What is 4240144 (base 5) in base 6?
1310031
-3103 (base 6) to base 15
-30c
-5a (base 14) to base 6
-212
What is 2d91 (base 16) in base 9?
17001
Convert 10100111100 (base 2) to base 15.
5e5
Convert -280f (base 16) to base 15.
-308a
-35cb (base 14) to base 15
-2bb1
What is 1121221 (base 5) in base 6?
233242
What is 496 (base 11) in base 4?
21031
5553 (base 7) to base 2
11111001110
What is 92a (base 13) in base 6?
11113
Convert -bbe (base 16) to base 8.
-5676
52 (base 7) to base 16
25
What is -24462 (base 8) in base 4?
-2210302
What is 10111110101111 (base 2) in base 3?
121202010
223313 (base 4) to base 2
101011110111
26122 (base 7) to base 13
31c9
6acd (base 15) to base 3
1011010111
-2127 (base 9) to base 16
-61c
What is 2134 (base 5) in base 2?
100100110
Convert 111011101 (base 2) to base 11.
3a4
Convert -2441344 (base 5) to base 2.
-1011010110001010
11611 (base 8) to base 5
130001
-13744 (base 9) to base 11
-7035
-52650 (base 8) to base 5
-1200203
Convert 25216 (base 7) to base 15.
1e6d
Convert 120111 (base 5) to base 3.
20001012
-5429 (base 10) to base 16
-1535
4023 (base 5) to base 11
427
What is -5629 (base 14) in base 16?
-3a55
What is -100000110000001 (base 2) in base 3?
-212000002
What is 11021121 (base 4) in base 15?
63a6
Convert -6e8d (base 15) to base 14.
-880d
What is 102211201 (base 3) in base 14?
3208
What is -343 (base 14) in base 11?
-539
What is -561 (base 12) in base 13?
-490
What is 2a3 (base 16) in base 4?
22203
-1a9 (base 14) to base 5
-2340
Convert -26884 (base 12) to base 3.
-2200211101
-1030002 (base 4) to base 9
-6606
Convert 30472 (base 9) to base 4.
10321220
Convert -2504 (base 6) to base 15.
-2b1
-704 (base 10) to base 3
-222002
What is 2808 (base 10) in base 6?
21000
Convert -36b (base 12) to base 11.
-429
Convert 110001111100 (base 2) to base 11.
2446
112112100 (base 3) to base 13
4a8b
What is 156 (base 15) in base 9?
370
20565 (base 7) to base 3
20222200
-216 (base 12) to base 14
-17c
What is -14ae (base 15) in base 12?
-269b
What is -12678 (base 9) in base 4?
-2012000
-1a1 (base 14) to base 16
-151
-2142 (base 5) to base 15
-14c
What is 106bd (base 14) in base 11?
27965
-725 (base 9) to base 14
-302
What is 539 (base 12) in base 15?
360
What is -43c8 (base 13) in base 5?
-300314
What is 3465 (base 7) in base 4?
103320
What is -1448 (base 10) in base 11?
-10a7
12100032 (base 4) to base 11
18276
Convert -112000 (base 3) to base 4.
-11322
-20260 (base 10) to base 16
-4f24
What is 36206 (base 9) in base 13?
b046
What is 476 (base 15) in base 12?
703
Convert 3b6 (base 13) to base 7.
1625
Convert -13ff (base 16) to base 4.
-1033333
What is 1055 (base 7) in base 12?
27b
What is -1233111 (base 4) in base 10?
-7125
What is -554 (base 13) in base 3?
-1020212
-2201210000 (base 3) to base 14
-1585a
Convert 102a9 (base 13) to base 4.
13011232
153d (base 14) to base 11
2926
What is 581 (base 14) in base 12?
771
Convert 2424 (base 6) to base 7.
1504
Convert -33d (base 15) to base 10.
-733
111213 (base 4) to base 13
825
What is 1a9 (base 13) in base 7?
620
Convert 10011101011111 (base 2) to base 16.
275f
Convert -221402 (base 5) to base 14.
-2b5d
-8877 (base 10) to base 9
-13153
-2032322 (base 5) to base 14
-c2a2
-10001000001 (base 2) to base 9
-1440
-2354 (base 11) to base 3
-11020020
85c (base 16) to base 9
2837
Convert 196 (base 15) to base 11.
303
What is 9c8 (base 14) in base 8?
3624
What is -88 (base 10) in base 6?
-224
Convert -19f (base 16) to base 3.
-120101
What is -18f (base 16) in base 4?
-12033
Convert -333 (base 12) to base 15.
-216
What is 1a1 (base 16) in base 11?
34a
What is -61021 (base 8) in base 9?
-37384
What is 7618 (base 13) in base 8?
40036
-1210 (base 6) to base 11
-248
What is 16a3 (base 13) in base 6?
23252
273 (base 13) to base 14
22c
Convert -1000010101100 (base 2) to base 12.
-2578
552 (base 8) to base 2
101101010
2cb7 (base 15) to base 16
2596
What is 191 (base 11) in base 12?
165
What is -50545 (base 6) in base 14?
-261b
1283 (base 15) to base 10
3948
-8c1 (base 14) to base 10
-1737
190 (base 11) to base 16
dc
Convert -1010111001 (base 2) to base 5.
-10242
Convert -6a68 (base 13) to base 7.
-61416
-5d5 (base 14) to base 8
-2217
135 (base 10) to base 4
2013
What is -16646 (base 8) in base 12?
-4486
Convert -e813 (base 15) to base 7.
-263025
What is a24 (base 14) in base 4?
133020
What is 714 (base 16) in base 2?
11100010100
Convert 6682 (base 12) to base 4.
2301002
-12884 (base 9) to base 6
-104251
648 (base 9) to base 14
29c
-1021201 (base 3) to base 10
-937
3807 (base 11) to base 7
20325
-1e7 (base 16) to base 3
-200001
What is 425 (base 11) in base 15?
241
-36b (base 14) to base 3
-221022
469a (base 12) to base 4
1323112
What is 2576 (base 16) in base 13?
4499
Convert -3b7e (base 15) to base 3.
-122110002
Convert 1073 (base 10) to base 7.
3062
What is -319 (base 14) in base 13?
-380
-2648 (base 9) to base 8
-3704
What is -882 (base 13) in base 7?
-4152
What is -516 (base 11) in base 10?
-622
-1016 (base 8) to base 4
-20032
What is -2b40 (base 13) in base 10?
-6305
1175 (base 11) to base 3
2002211
What is 872 (base 10) in base 3?
1012022
406 (base 9) to base 6
1310
Convert 2111211202 (base 3) to base 10.
49457
What is 43232 (base 5) in base 9?
4028
1d4 (base 14) to base 13
235
Convert -22301 (base 5) to base 16.
-628
-21220220 (base 3) to base 11
-4380
121100 (base 3) to base 4
12321
What is -223212 (base 6) in base 13?
-8789
-10000001010 (base 2) to base 7
-3005
-9e6 (base 15) to base 4
-203001
Convert 26410 (base 9) to base 11.
12439
What is -680 (base 16) in base 7?
-4565
b6 (base 15) to base 7
333
53220 (base 7) to base 15
3d66
93 (base 14) to base 4
2001
What is 14216 (base 9) in base 5?
302104
Convert -22540 (base 6) to base 7.
-12261
What is -1a5 (base 12) in base 13?
-179
Convert 3991 (base 13) to base 12.
491a
5130 (base 7) to base 4
123321
Convert -2850 (base 12) to base 6.
-33340
32563 (base 9) to base 7
116661
Convert 4064 (base 10) to base 11.
3065
What is 1102330 (base 4) in base 2?
1010010111100
What is 33000 (base 4) in base 6?
4240
Convert -17c1 (base 16) to base 4.
-1133001
Convert -134314 (base 5) to base 14.
-206c
Convert 323433 (base 5) to base 2.
10101101101110
What is 8db1 (base 15) in base 16?
758b
-5087 (base 10) to base 5
-130322
What is -44125 (base 7) in base 3?
-120011001
What is 21347 (base 8) in base 6?
105211
bac (base 16) to base 9
4080
What is -3388 (base 13) in base 5?
-212320
-20120 (base 3) to base 12
-129
Convert 14001 (base 6) to base 14.
b05
What is -4323 (base 5) in base 8?
-1114
What is 5754 (base 13) in base 6?
132353
Convert 240345 (base 7) to base 3.
2012112100
-1721 (base 9) to base 10
-1315
5